-- phpMyAdmin SQL Dump
-- version 4.9.0.1
-- https://www.phpmyadmin.net/
--
-- Servidor: localhost
-- Tiempo de generación: 23-11-2019 a las 17:13:23
-- Versión del servidor: 5.7.28-0ubuntu0.18.04.4
-- Versión de PHP: 7.2.24-0ubuntu0.18.04.1

SET SQL_MODE = "NO_AUTO_VALUE_ON_ZERO";
SET AUTOCOMMIT = 0;
START TRANSACTION;
SET time_zone = "+00:00";


/*!40101 SET @OLD_CHARACTER_SET_CLIENT=@@CHARACTER_SET_CLIENT */;
/*!40101 SET @OLD_CHARACTER_SET_RESULTS=@@CHARACTER_SET_RESULTS */;
/*!40101 SET @OLD_COLLATION_CONNECTION=@@COLLATION_CONNECTION */;
/*!40101 SET NAMES utf8mb4 */;

--
-- Base de datos: `aprendeabotar`
--

-- --------------------------------------------------------

--
-- Estructura de tabla para la tabla `botaciones_diputados`
--

CREATE TABLE `botaciones_diputados` (
  `idvoto` int(11) NOT NULL,
  `partido` int(11) NOT NULL,
  `candidato` int(11) NOT NULL,
  `usuario` varchar(1000) NOT NULL
) ENGINE=InnoDB DEFAULT CHARSET=latin1;

--
-- Volcado de datos para la tabla `botaciones_diputados`
--

INSERT INTO `botaciones_diputados` (`idvoto`, `partido`, `candidato`, `usuario`) VALUES
(12, 2, 1, 'ef573081d38a72f4571f94be0c8f31d1'),
(13, 2, 1, 'cedc494968bcd67f77860d01b325987c'),
(14, 2, 3, '6aa3ebf06824485180acc33a2d77952a'),
(15, 2, 1, '9616fa8627c3f895b5785465164fe18a');

-- --------------------------------------------------------

--
-- Estructura de tabla para la tabla `botaciones_presidenciales`
--

CREATE TABLE `botaciones_presidenciales` (
  `idvoto` int(11) NOT NULL,
  `candidato` int(11) NOT NULL,
  `partido` int(11) NOT NULL,
  `usurario` varchar(1000) NOT NULL
) ENGINE=InnoDB DEFAULT CHARSET=latin1;

--
-- Volcado de datos para la tabla `botaciones_presidenciales`
--

INSERT INTO `botaciones_presidenciales` (`idvoto`, `candidato`, `partido`, `usurario`) VALUES
(26, 1, 2, 'ef573081d38a72f4571f94be0c8f31d1'),
(27, 1, 2, 'cedc494968bcd67f77860d01b325987c'),
(28, 1, 2, '6aa3ebf06824485180acc33a2d77952a'),
(29, 3, 2, '6aa3ebf06824485180acc33a2d77952a'),
(30, 1, 2, '9616fa8627c3f895b5785465164fe18a');

-- --------------------------------------------------------

--
-- Estructura de tabla para la tabla `candidatos`
--

CREATE TABLE `candidatos` (
  `idcandidato` int(11) NOT NULL,
  `nombre` varchar(50) NOT NULL,
  `foto` varchar(100) NOT NULL
) ENGINE=InnoDB DEFAULT CHARSET=latin1;

--
-- Volcado de datos para la tabla `candidatos`
--

INSERT INTO `candidatos` (`idcandidato`, `nombre`, `foto`) VALUES
(1, 'Luis Abinader', 'imgs/canditos/abinader.jpeg'),
(2, 'Hipólito Mejía', 'imgs/canditos/generico.png'),
(3, 'Wellington Amín Arnaud Bisonó', 'imgs/canditos/generico.png');

-- --------------------------------------------------------

--
-- Estructura de tabla para la tabla `candidatos_diputados`
--

CREATE TABLE `candidatos_diputados` (
  `idcandidatodip` int(11) NOT NULL,
  `nombre` varchar(100) NOT NULL,
  `foto` varchar(100) NOT NULL
) ENGINE=InnoDB DEFAULT CHARSET=latin1;

--
-- Volcado de datos para la tabla `candidatos_diputados`
--

INSERT INTO `candidatos_diputados` (`idcandidatodip`, `nombre`, `foto`) VALUES
(1, 'Miguel Almonte', 'imgs/canditos/generico.png'),
(2, 'Emil Duran', 'imgs/canditos/generico.png'),
(3, 'Jonny Medina', 'imgs/canditos/generico.png');

-- --------------------------------------------------------

--
-- Estructura de tabla para la tabla `candidatos_regidores`
--

CREATE TABLE `candidatos_regidores` (
  `idsindico` int(11) NOT NULL,
  `nombre` varchar(100) NOT NULL,
  `foto` varchar(100) NOT NULL
) ENGINE=InnoDB DEFAULT CHARSET=latin1;

--
-- Volcado de datos para la tabla `candidatos_regidores`
--

INSERT INTO `candidatos_regidores` (`idsindico`, `nombre`, `foto`) VALUES
(1, 'Benjamín Liriano', 'imgs/canditos/benjamin.jpeg'),
(2, 'Roberto Díaz', 'imgs/canditos/roberto.jpeg'),
(3, 'Nelly Castillo', 'imgs/canditos/generico.png'),
(4, 'Freddy Linarez', 'imgs/canditos/generico.png'),
(5, 'Francisco Kimsley', 'imgs/canditos/generico.png'),
(6, 'Iginio Sánchez\r\n', 'imgs/canditos/generico.png');

-- --------------------------------------------------------

--
-- Estructura de tabla para la tabla `candidatos_sindicos`
--

CREATE TABLE `candidatos_sindicos` (
  `idsindico` int(11) NOT NULL,
  `nombre` varchar(100) NOT NULL,
  `foto` varchar(100) NOT NULL
) ENGINE=InnoDB DEFAULT CHARSET=latin1;

--
-- Volcado de datos para la tabla `candidatos_sindicos`
--

INSERT INTO `candidatos_sindicos` (`idsindico`, `nombre`, `foto`) VALUES
(1, 'William Almonte', 'imgs/canditos/generico.png'),
(2, 'Felix', 'imgs/canditos/felix.jpeg'),
(3, 'Wilson Zapete', 'imgs/canditos/generico.png');

-- --------------------------------------------------------

--
-- Estructura de tabla para la tabla `partidos`
--

CREATE TABLE `partidos` (
  `idpartido` int(11) NOT NULL,
  `abreviatura` varchar(10) NOT NULL,
  `nombre_partido` varchar(100) NOT NULL,
  `logo` varchar(100) NOT NULL
) ENGINE=InnoDB DEFAULT CHARSET=latin1;

--
-- Volcado de datos para la tabla `partidos`
--

INSERT INTO `partidos` (`idpartido`, `abreviatura`, `nombre_partido`, `logo`) VALUES
(1, 'PLD', 'PARTIDO DE LA LIBERACIÓN DOMINICANA', 'imgs/partidos/pld.png'),
(2, 'PRM', 'PARTIDO REVOLUCIONARIO MODERNO', 'imgs/partidos/prm.png'),
(3, 'NP', 'No votar', 'imgs/partidos/nopartido.png');

-- --------------------------------------------------------

--
-- Estructura de tabla para la tabla `votaciones_alcaldes`
--

CREATE TABLE `votaciones_alcaldes` (
  `idvoto` int(11) NOT NULL,
  `candidato` int(11) NOT NULL,
  `partido` int(11) NOT NULL,
  `usuario` varchar(1000) NOT NULL
) ENGINE=InnoDB DEFAULT CHARSET=latin1;

--
-- Volcado de datos para la tabla `votaciones_alcaldes`
--

INSERT INTO `votaciones_alcaldes` (`idvoto`, `candidato`, `partido`, `usuario`) VALUES
(12, 2, 2, 'ef573081d38a72f4571f94be0c8f31d1'),
(13, 2, 2, 'cedc494968bcd67f77860d01b325987c'),
(14, 1, 2, '6aa3ebf06824485180acc33a2d77952a'),
(15, 2, 2, '9616fa8627c3f895b5785465164fe18a');

-- --------------------------------------------------------

--
-- Estructura de tabla para la tabla `votaciones_regidores`
--

CREATE TABLE `votaciones_regidores` (
  `idcandidato` int(11) NOT NULL,
  `candidato` int(11) NOT NULL,
  `partido` int(11) NOT NULL,
  `usuario` varchar(1000) NOT NULL
) ENGINE=InnoDB DEFAULT CHARSET=latin1;

--
-- Volcado de datos para la tabla `votaciones_regidores`
--

INSERT INTO `votaciones_regidores` (`idcandidato`, `candidato`, `partido`, `usuario`) VALUES
(10, 1, 2, 'ef573081d38a72f4571f94be0c8f31d1'),
(11, 2, 2, 'cedc494968bcd67f77860d01b325987c'),
(12, 2, 2, '6aa3ebf06824485180acc33a2d77952a'),
(13, 1, 2, '9616fa8627c3f895b5785465164fe18a');

--
-- Índices para tablas volcadas
--

--
-- Indices de la tabla `botaciones_diputados`
--
ALTER TABLE `botaciones_diputados`
  ADD PRIMARY KEY (`idvoto`);

--
-- Indices de la tabla `botaciones_presidenciales`
--
ALTER TABLE `botaciones_presidenciales`
  ADD PRIMARY KEY (`idvoto`);

--
-- Indices de la tabla `candidatos`
--
ALTER TABLE `candidatos`
  ADD PRIMARY KEY (`idcandidato`);

--
-- Indices de la tabla `candidatos_diputados`
--
ALTER TABLE `candidatos_diputados`
  ADD PRIMARY KEY (`idcandidatodip`);

--
-- Indices de la tabla `candidatos_regidores`
--
ALTER TABLE `candidatos_regidores`
  ADD PRIMARY KEY (`idsindico`);

--
-- Indices de la tabla `candidatos_sindicos`
--
ALTER TABLE `candidatos_sindicos`
  ADD PRIMARY KEY (`idsindico`);

--
-- Indices de la tabla `partidos`
--
ALTER TABLE `partidos`
  ADD PRIMARY KEY (`idpartido`);

--
-- Indices de la tabla `votaciones_alcaldes`
--
ALTER TABLE `votaciones_alcaldes`
  ADD PRIMARY KEY (`idvoto`);

--
-- Indices de la tabla `votaciones_regidores`
--
ALTER TABLE `votaciones_regidores`
  ADD PRIMARY KEY (`idcandidato`);

--
-- AUTO_INCREMENT de las tablas volcadas
--

--
-- AUTO_INCREMENT de la tabla `botaciones_diputados`
--
ALTER TABLE `botaciones_diputados`
  MODIFY `idvoto` int(11) NOT NULL AUTO_INCREMENT, AUTO_INCREMENT=16;

--
-- AUTO_INCREMENT de la tabla `botaciones_presidenciales`
--
ALTER TABLE `botaciones_presidenciales`
  MODIFY `idvoto` int(11) NOT NULL AUTO_INCREMENT, AUTO_INCREMENT=31;

--
-- AUTO_INCREMENT de la tabla `candidatos`
--
ALTER TABLE `candidatos`
  MODIFY `idcandidato` int(11) NOT NULL AUTO_INCREMENT, AUTO_INCREMENT=4;

--
-- AUTO_INCREMENT de la tabla `candidatos_diputados`
--
ALTER TABLE `candidatos_diputados`
  MODIFY `idcandidatodip` int(11) NOT NULL AUTO_INCREMENT, AUTO_INCREMENT=4;

--
-- AUTO_INCREMENT de la tabla `candidatos_regidores`
--
ALTER TABLE `candidatos_regidores`
  MODIFY `idsindico` int(11) NOT NULL AUTO_INCREMENT, AUTO_INCREMENT=7;

--
-- AUTO_INCREMENT de la tabla `candidatos_sindicos`
--
ALTER TABLE `candidatos_sindicos`
  MODIFY `idsindico` int(11) NOT NULL AUTO_INCREMENT, AUTO_INCREMENT=4;

--
-- AUTO_INCREMENT de la tabla `partidos`
--
ALTER TABLE `partidos`
  MODIFY `idpartido` int(11) NOT NULL AUTO_INCREMENT, AUTO_INCREMENT=4;

--
-- AUTO_INCREMENT de la tabla `votaciones_alcaldes`
--
ALTER TABLE `votaciones_alcaldes`
  MODIFY `idvoto` int(11) NOT NULL AUTO_INCREMENT, AUTO_INCREMENT=16;

--
-- AUTO_INCREMENT de la tabla `votaciones_regidores`
--
ALTER TABLE `votaciones_regidores`
  MODIFY `idcandidato` int(11) NOT NULL AUTO_INCREMENT, AUTO_INCREMENT=14;
COMMIT;

/*!40101 SET CHARACTER_SET_CLIENT=@OLD_CHARACTER_SET_CLIENT */;
/*!40101 SET CHARACTER_SET_RESULTS=@OLD_CHARACTER_SET_RESULTS */;
/*!40101 SET COLLATION_CONNECTION=@OLD_COLLATION_CONNECTION */;
